{"id":197,"date":"2025-05-09T16:49:41","date_gmt":"2025-05-09T16:49:41","guid":{"rendered":"https:\/\/cdasanrafael.com\/?page_id=197"},"modified":"2025-05-15T20:44:03","modified_gmt":"2025-05-15T20:44:03","slug":"servicios","status":"publish","type":"page","link":"https:\/\/cdasanrafael.com\/index.php\/servicios\/","title":{"rendered":"SERVICIOS"},"content":{"rendered":"\n<div style=\"height:31px\" aria-hidden=\"true\" class=\"wp-block-spacer\"><\/div>\n\n\n\n<h2 class=\"wp-block-heading\" style=\"font-size:clamp(50.171px, 3.136rem + ((1vw - 3.2px) * 4.885), 100px);line-height:0.9;writing-mode:horizontal-tb\">NUestros Servicios<\/h2>\n\n\n\n<div style=\"height:31px\" aria-hidden=\"true\" class=\"wp-block-spacer\"><\/div>\n\n\n\n<p class=\"has-large-font-size\" style=\"border-style:none;border-width:0px;border-radius:0px;margin-right:0px;margin-left:0px\">En <strong>CDA San Rafael<\/strong>, ofrecemos servicios de diagn\u00f3stico y revisi\u00f3n t\u00e9cnico-mec\u00e1nica adaptados a las necesidades de <strong>carros particulares, motocicletas, buses y camiones<\/strong>. Contamos con tecnolog\u00eda de \u00faltima generaci\u00f3n y un equipo t\u00e9cnico especializado para garantizar seguridad, cumplimiento y eficiencia en la v\u00eda.<\/p>\n\n\n\n<div style=\"height:33px\" aria-hidden=\"true\" class=\"wp-block-spacer\"><\/div>\n\n\n\n<div class=\"wp-block-group alignfull has-base-background-color has-background is-layout-flow wp-container-core-group-is-layout-ff56445e wp-block-group-is-layout-flow\" style=\"margin-top:0;margin-bottom:0;padding-top:0;padding-bottom:0\">\n<div class=\"wp-block-columns alignwide is-not-stacked-on-mobile has-base-color has-contrast-background-color has-text-color has-background has-link-color wp-elements-cc7a5e766046a42afe18881974c61bf6 is-layout-flex wp-container-core-columns-is-layout-07b7b7eb wp-block-columns-is-layout-flex\" style=\"padding-top:0;padding-right:0;padding-bottom:0;padding-left:0\">\n<div class=\"wp-block-column is-layout-flow wp-container-core-column-is-layout-3e8e1870 wp-block-column-is-layout-flow\" style=\"padding-right:0;padding-left:0\">\n<h2 class=\"wp-block-heading alignwide has-white-color has-text-color has-accent-1-color has-link-color wp-elements-eefa19529be642c2d6e6de8ee37b9b04\" style=\"font-size:clamp(42.068px, 2.629rem + ((1vw - 3.2px) * 3.719), 80px);\"><strong><em>Veh\u00edculos particulares<\/em><\/strong><\/h2>\n\n\n\n<div class=\"wp-block-cover alignfull has-parallax has-custom-content-position is-position-top-center\" style=\"min-height:470px;aspect-ratio:unset;\"><div class=\"wp-block-cover__image-background wp-image-307 size-large has-parallax\" style=\"background-position:50% 50%;background-image:url(https:\/\/cdasanrafael.com\/wp-content\/uploads\/2025\/05\/ChatGPT-Image-12-may-2025-12_33_52-p.m-683x1024.png)\"><\/div><span aria-hidden=\"true\" class=\"wp-block-cover__background has-background-dim-20 has-background-dim\" style=\"background-color:#000000\"><\/span><div class=\"wp-block-cover__inner-container is-layout-flow wp-block-cover-is-layout-flow\">\n<div class=\"wp-block-columns alignwide is-layout-flex wp-container-core-columns-is-layout-28f84493 wp-block-columns-is-layout-flex\">\n<div class=\"wp-block-column is-layout-flow wp-block-column-is-layout-flow\" style=\"flex-basis:60%\">\n<p class=\"has-text-color\" style=\"color:#ffffff\">Conf\u00eda en nosotros para mantener tu veh\u00edculo en \u00f3ptimas condiciones. Revisiones r\u00e1pidas, precisas y seguras con el respaldo de profesionales certificados.<\/p>\n\n\n\n<div class=\"wp-block-buttons is-layout-flex wp-block-buttons-is-layout-flex\">\n<div class=\"wp-block-button is-style-outline is-style-outline--1\"><a class=\"wp-block-button__link has-accent-1-color has-text-color has-background wp-element-button\" href=\"https:\/\/wa.me\/573013252370?text=Hola%2C+quiero+agendar+una+revisi%C3%B3n+t%C3%A9cnico+mec%C3%A1nica+para+mi+veh%C3%ADculo+particular.\" style=\"border-radius:0px;background-color:#000000\">Agendar Revisi\u00f3n<\/a><\/div>\n<\/div>\n<\/div>\n\n\n\n<div class=\"wp-block-column is-layout-flow wp-block-column-is-layout-flow\"><\/div>\n<\/div>\n<\/div><\/div>\n\n\n\n<h2 class=\"wp-block-heading alignwide has-white-color has-text-color has-accent-1-color has-link-color wp-elements-88a1a426a350ebbf092600a77b09b5ec\" style=\"font-size:clamp(42.068px, 2.629rem + ((1vw - 3.2px) * 3.719), 80px);\"><strong><em>motocicletas<\/em><\/strong><\/h2>\n\n\n\n<div class=\"wp-block-cover alignfull has-parallax has-custom-content-position is-position-top-center\" style=\"min-height:470px;aspect-ratio:unset;\"><div class=\"wp-block-cover__image-background wp-image-308 size-large has-parallax\" style=\"background-position:50% 50%;background-image:url(https:\/\/cdasanrafael.com\/wp-content\/uploads\/2025\/05\/ChatGPT-Image-12-may-2025-12_33_57-p.m-683x1024.png)\"><\/div><span aria-hidden=\"true\" class=\"wp-block-cover__background has-background-dim-20 has-background-dim\" style=\"background-color:#000000\"><\/span><div class=\"wp-block-cover__inner-container is-layout-flow wp-block-cover-is-layout-flow\">\n<div class=\"wp-block-columns alignwide is-layout-flex wp-container-core-columns-is-layout-28f84493 wp-block-columns-is-layout-flex\">\n<div class=\"wp-block-column is-layout-flow wp-block-column-is-layout-flow\" style=\"flex-basis:60%\">\n<h2 class=\"wp-block-heading\">bajo y alto cilindraje<\/h2>\n\n\n\n<p class=\"has-text-color\" style=\"color:#ffffff\">Tu moto es parte de tu d\u00eda a d\u00eda. Asegura su buen estado y tu seguridad con nuestras revisiones especializadas.<\/p>\n\n\n\n<div class=\"wp-block-buttons is-layout-flex wp-block-buttons-is-layout-flex\">\n<div class=\"wp-block-button is-style-outline is-style-outline--2\"><a class=\"wp-block-button__link has-accent-1-color has-text-color has-background wp-element-button\" href=\"https:\/\/wa.me\/573013252370?text=Hola%2C+quiero+agendar+una+revisi%C3%B3n+t%C3%A9cnico+mec%C3%A1nica+para+mi+moto.\" style=\"border-radius:0px;background-color:#000000\">Agendar Revisi\u00f3n<\/a><\/div>\n<\/div>\n<\/div>\n\n\n\n<div class=\"wp-block-column is-layout-flow wp-block-column-is-layout-flow\"><\/div>\n<\/div>\n<\/div><\/div>\n\n\n\n<h2 class=\"wp-block-heading alignwide has-white-color has-text-color has-accent-1-color has-link-color wp-elements-945305132dbd4290a0ab472752abe59c\" style=\"font-size:clamp(42.068px, 2.629rem + ((1vw - 3.2px) * 3.719), 80px);\"><strong><em><strong><em>Camiones y Buses<\/em><\/strong><\/em><\/strong><\/h2>\n\n\n\n<div class=\"wp-block-cover alignfull has-parallax has-custom-content-position is-position-top-center\" style=\"min-height:470px;aspect-ratio:unset;\"><div class=\"wp-block-cover__image-background wp-image-315 size-large has-parallax\" style=\"background-position:50% 50%;background-image:url(https:\/\/cdasanrafael.com\/wp-content\/uploads\/2025\/05\/ChatGPT-Image-12-may-2025-01_47_51-p.m-683x1024.png)\"><\/div><span aria-hidden=\"true\" class=\"wp-block-cover__background has-background-dim-20 has-background-dim\" style=\"background-color:#000000\"><\/span><div class=\"wp-block-cover__inner-container is-layout-flow wp-block-cover-is-layout-flow\">\n<div class=\"wp-block-columns alignwide is-layout-flex wp-container-core-columns-is-layout-28f84493 wp-block-columns-is-layout-flex\">\n<div class=\"wp-block-column is-layout-flow wp-block-column-is-layout-flow\" style=\"flex-basis:60%\">\n<p class=\"has-text-color\" style=\"color:#ffffff\">Para veh\u00edculos de carga o transporte de pasajeros, ofrecemos inspecciones rigurosas que cumplen con toda la normativa legal.<\/p>\n\n\n\n<div class=\"wp-block-buttons is-layout-flex wp-block-buttons-is-layout-flex\">\n<div class=\"wp-block-button is-style-outline is-style-outline--3\"><a class=\"wp-block-button__link has-accent-1-color has-text-color has-background wp-element-button\" href=\"https:\/\/wa.me\/573013252370?text=Hola%2C+quiero+agendar+una+revisi%C3%B3n+t%C3%A9cnico+mec%C3%A1nica+para+mi+bus+o+cami%C3%B3n.\" style=\"border-radius:0px;background-color:#000000\">Agendar Revisi\u00f3n<\/a><\/div>\n<\/div>\n<\/div>\n\n\n\n<div class=\"wp-block-column is-layout-flow wp-block-column-is-layout-flow\"><\/div>\n<\/div>\n<\/div><\/div>\n\n\n\n<h2 class=\"wp-block-heading alignwide has-white-color has-text-color has-accent-1-color has-link-color wp-elements-529b4ae96bf3402becfa3fe42855d3d7\" style=\"font-size:clamp(42.068px, 2.629rem + ((1vw - 3.2px) * 3.719), 80px);\"><strong><em><strong><em>Veh\u00edculos de servicio p\u00fablico<\/em><\/strong><\/em><\/strong><\/h2>\n\n\n\n<div class=\"wp-block-cover alignfull has-parallax has-custom-content-position is-position-top-center\" style=\"min-height:470px;aspect-ratio:unset;\"><div class=\"wp-block-cover__image-background wp-image-444 size-large has-parallax\" style=\"background-position:50% 50%;background-image:url(https:\/\/cdasanrafael.com\/wp-content\/uploads\/2025\/05\/ChatGPT-Image-19-may-2025-02_14_50-p.m-683x1024.png)\"><\/div><span aria-hidden=\"true\" class=\"wp-block-cover__background has-background-dim-20 has-background-dim\" style=\"background-color:#000000\"><\/span><div class=\"wp-block-cover__inner-container is-layout-flow wp-block-cover-is-layout-flow\">\n<div class=\"wp-block-columns alignwide is-layout-flex wp-container-core-columns-is-layout-28f84493 wp-block-columns-is-layout-flex\">\n<div class=\"wp-block-column is-layout-flow wp-block-column-is-layout-flow\" style=\"flex-basis:60%\">\n<p class=\"has-text-color\" style=\"color:#ffffff\">Tu van o bus siempre en regla. Revisi\u00f3n r\u00e1pida, segura y sin complicaciones.<\/p>\n\n\n\n<div class=\"wp-block-buttons is-layout-flex wp-block-buttons-is-layout-flex\">\n<div class=\"wp-block-button is-style-outline is-style-outline--4\"><a class=\"wp-block-button__link has-accent-1-color has-text-color has-background wp-element-button\" href=\"https:\/\/wa.me\/573013252370?text=Hola%2C+quiero+agendar+una+revisi%C3%B3n+t%C3%A9cnico+mec%C3%A1nica+para+mi+veh%C3%ADculo+de+servicio+p%C3%BAblico.\" style=\"border-radius:0px;background-color:#000000\">Agendar Revisi\u00f3n<\/a><\/div>\n<\/div>\n<\/div>\n\n\n\n<div class=\"wp-block-column is-layout-flow wp-block-column-is-layout-flow\"><\/div>\n<\/div>\n<\/div><\/div>\n<\/div>\n<\/div>\n<\/div>\n","protected":false},"excerpt":{"rendered":"<p>NUestros Servicios En CDA San Rafael, ofrecemos servicios de diagn\u00f3stico y revisi\u00f3n t\u00e9cnico-mec\u00e1nica adaptados a las necesidades de carros particulares, motocicletas, buses y camiones. Contamos con tecnolog\u00eda de \u00faltima generaci\u00f3n y un equipo t\u00e9cnico especializado para garantizar seguridad, cumplimiento y eficiencia en la v\u00eda.<\/p>\n","protected":false},"author":1,"featured_media":0,"parent":0,"menu_order":0,"comment_status":"closed","ping_status":"closed","template":"wp-custom-template-pagina-de-nuestros-servicios","meta":{"footnotes":""},"class_list":["post-197","page","type-page","status-publish","hentry"],"_links":{"self":[{"href":"https:\/\/cdasanrafael.com\/index.php\/wp-json\/wp\/v2\/pages\/197","targetHints":{"allow":["GET"]}}],"collection":[{"href":"https:\/\/cdasanrafael.com\/index.php\/wp-json\/wp\/v2\/pages"}],"about":[{"href":"https:\/\/cdasanrafael.com\/index.php\/wp-json\/wp\/v2\/types\/page"}],"author":[{"embeddable":true,"href":"https:\/\/cdasanrafael.com\/index.php\/wp-json\/wp\/v2\/users\/1"}],"replies":[{"embeddable":true,"href":"https:\/\/cdasanrafael.com\/index.php\/wp-json\/wp\/v2\/comments?post=197"}],"version-history":[{"count":17,"href":"https:\/\/cdasanrafael.com\/index.php\/wp-json\/wp\/v2\/pages\/197\/revisions"}],"predecessor-version":[{"id":419,"href":"https:\/\/cdasanrafael.com\/index.php\/wp-json\/wp\/v2\/pages\/197\/revisions\/419"}],"wp:attachment":[{"href":"https:\/\/cdasanrafael.com\/index.php\/wp-json\/wp\/v2\/media?parent=197"}],"curies":[{"name":"wp","href":"https:\/\/api.w.org\/{rel}","templated":true}]}}